x(z) = -z**2 + 2*z + 1. Let p be x(g). Calculate the greatest common divisor of p and 8.
1
Suppose -2*o = -5 - 1. Calculate the highest common divisor of o and 21.
3
Suppose 2*l + 5*f = -199, 2*l + 201 = -0*l - 3*f. Let k = -21 - l. Suppose 0*g - 5*g + 45 = 0. Calculate the highest common divisor of k and g.
9
Let g be (-583)/(-77) + (-3)/(-7). Let t(m) = -18*m + 2. Let j be t(-1). What is the highest common factor of g and j?
4
Suppose a + 40 = -4*a. Let j be a/(1 - 3)*2. What is the greatest common factor of j and 16?
8
Suppose 0 = -22*x + 27*x - 55. Calculate the greatest common factor of x and 11.
11
Suppose 0*h + 4*h + f - 74 = 0, -5*f = 3*h - 64. Let t = h - 11. What is the highest common factor of 21 and t?
7
Let f = 0 + 5. Let i be (6/8)/(f/60). Calculate the greatest common divisor of 45 and i.
9
Let n be (-9)/((-495)/(-10)) - 204/(-33). Calculate the highest common divisor of n and 9.
3
Let v = 91 - 51. What is the greatest common divisor of 16 and v?
8
Let n be (-18)/(-42) - (-274)/14. Calculate the highest common factor of n and 50.
10
Let t(d) = d**2 - 5. Let y be t(5). Calculate the greatest common divisor of y and 40.
20
Let m = -12 + 20. Let l = m - -14. Calculate the highest common factor of 2 and l.
2
Let p = -9 - -54. What is the greatest common factor of 18 and p?
9
Let z(q) = q**2 - 1. Let p be z(-1). Suppose 2*f - 14 = -4*i, p*f - 7 = -3*i - 5*f. Suppose 4*m - 9 - 7 = 0. Calculate the highest common divisor of m and i.
4
Let y = 40 + -14. Suppose -5*p = -y - 4. Suppose 3*i - 5*i = -p. Calculate the highest common factor of i and 21.
3
Suppose 3*a + a = 2*q - 24, 3*q - 52 = -2*a. What is the highest common divisor of 4 and q?
4
Let l = 59 + -89. Let m be 12/(-4) + l/(-3). What is the greatest common divisor of 77 and m?
7
Let p be 62/2 + -4 + -3. What is the greatest common divisor of 3 and p?
3
Let k = -5 + 5. Let l = 12 - k. Calculate the highest common factor of l and 8.
4
Suppose 1 + 27 = 4*l. Suppose -v + l + 10 = 0. Let g = -251 + 438. Calculate the greatest common factor of g and v.
17
Let l = 1 + 8. Calculate the greatest common divisor of l and 72.
9
Suppose -5*g = 4*h - 42, 3*h = -2*g + 48 - 13. Calculate the highest common factor of h and 26.
13
Suppose 3*d = -0*d + o + 75, -o = -d + 23. Let m be 1 + -3 - (-4 + 2). Suppose 0 = -5*t - m*t + 325. What is the greatest common divisor of t and d?
13
Let z be ((-24)/20)/((-2)/55). Suppose 3 = 3*r - 6. Let w = r - 0. What is the highest common divisor of w and z?
3
Let i be (1 - 1)/(2 - 3). Suppose -t + 15 = -w - 2, 4*t + 2*w - 74 = i. What is the greatest common factor of 162 and t?
18
Let y(w) = -3*w + 10. Let g be y(-9). Calculate the greatest common divisor of g and 37.
37
Let y(i) = 16*i - 8. Let b be y(3). What is the greatest common divisor of b and 20?
20
Let s be (-88)/(-6) - (-6)/(-9). Suppose 0*n = -n + s. Suppose 4*o - 5*v = 83 + 6, 5*o = v + 106. Calculate the greatest common factor of o and n.
7
Let k(u) be the first derivative of 4*u**3/3 - 11*u**2/2 + 6*u + 2. Let y be k(8). Let r be y/15 - 2/(-5). Calculate the highest common factor of r and 84.
12
Let h be (-1)/((-45)/(-94) - (-5)/(-10)). What is the greatest common factor of 329 and h?
47
Let x be (-2 - (-1 - 0))*-2. Suppose 3*v - x*k - 76 = 0, 34 = -4*v - 2*k + 126. Calculate the highest common divisor of v and 6.
6
Let c be (0/(-2) - -26)/2. Let l(j) = 33*j**2 - j. Let r be l(1). Suppose 33 = 5*p - r. What is the highest common divisor of p and c?
13
Let h = -50 - -70. What is the greatest common divisor of 10 and h?
10
Let q be (21/(-6))/(2/(-64)). What is the highest common factor of 16 and q?
16
Suppose -2*u = -u - 8. Let t(m) = m**3 - 6*m**2 - 4*m - 6. Let l be t(u). Let j be (-6)/(-5)*(-15)/(-1). What is the highest common factor of j and l?
18
Suppose 3*y - 5*r + 28 = -y, 2*r = 8. Let i be (6/(-4) - -1)*y. Let o = 32 - 21. What is the highest common divisor of i and o?
1
Let n be 10/(-55) - 136/(-22). What is the greatest common factor of 8 and n?
2
Suppose 0 = -4*s - f + 55, -4*s - s + 67 = 3*f. Calculate the greatest common divisor of s and 126.
14
Let p be (-9 - -3 - -3) + 12. What is the greatest common factor of 90 and p?
9
Suppose -3*s = 3*o, -2*s - 3*s - 4*o - 4 = 0. Let b = s - -34. Suppose 3*z + 5*g = 140, 3*z + 4*g - 103 = 36. Calculate the highest common divisor of b and z.
15
Let s(z) = 2*z**2 - 4*z + 2. Let k be s(6). Calculate the highest common factor of 10 and k.
10
Suppose -4*r + 476 = -3*t, 4*t + 0*t = -4*r + 476. What is the greatest common factor of r and 17?
17
Suppose -2*u + 1 = -35. Calculate the highest common factor of u and 198.
18
Suppose 0*f + 30 = a + 4*f, 2*a = 4*f + 96. What is the highest common factor of a and 18?
6
Suppose -13*h + 23 = -159. What is the greatest common factor of 112 and h?
14
Let d = -18 - 21. Let c = -8 - d. Calculate the greatest common divisor of c and 279.
31
Suppose -3*n - 2*q + 42 = q, -4*q - 19 = -n. Let i be (-811)/(-6) - (-4 - (-175)/42). Calculate the highest common divisor of i and n.
15
Let d = 126 + -66. Suppose 2*y + d = 4*t, -y + 5*t - 64 = y. Let f = -15 - y. What is the greatest common divisor of f and 1?
1
Suppose -5*x = 0, 0 = 3*m + 2*m + 3*x. Suppose m = 5*k + 3*h - 32, -24 = -4*k - 2*h - 2*h. Let z = -3 + 59. What is the highest common factor of z and k?
7
Let q be ((-4)/6 - -2)*1275/50. What is the highest common factor of q and 102?
34
Suppose 11*j - 13*j = -38. What is the highest common divisor of 152 and j?
19
Suppose 3*y - 2*z = 4 + 5, -5*y + 15 = -2*z. Suppose -58 = -3*d + 41. Calculate the highest common factor of y and d.
3
Let r be 2/(-5) + (-57)/(-5). Let s(g) = g**2 + 4*g - 4. Suppose -k - 4 - 1 = 0. Let h be s(k). Calculate the highest common factor of h and r.
1
Let y(r) = -7*r**2 + r - 2. Let p be y(-3). Let o = p + 143. What is the greatest common divisor of 15 and o?
15
Let n be (-1)/(3/(-21)) + -2. What is the highest common divisor of 55 and n?
5
Let d(t) = -3*t - 4. Let s(u) = -6*u - 8. Let o(x) = -5*d(x) + 2*s(x). Let f be o(5). What is the highest common divisor of f and 171?
19
Suppose 0 = 4*v - 5*v + 10. Let z = v + 46. Let c = 8 + 0. Calculate the highest common divisor of c and z.
8
Suppose 2*d + 3*g = 11, 10 + 2 = 2*d + 4*g. Suppose f - d*f = -27. Suppose -m - 2*c + 12 + 1 = 0, -3*c = m - 15. What is the greatest common divisor of f and m?
9
Let o = -28 + 40. Let v = o - 5. What is the highest common divisor of 28 and v?
7
Let p be (99/2)/(1/2). What is the greatest common divisor of p and 66?
33
Let s = 12 + 18. Let t be (9/(-4))/((-6)/112). Suppose i - t = 33. What is the highest common factor of s and i?
15
Let o be (-171)/(-1) + (-14 - -10). Let b = o - 89. Calculate the greatest common divisor of 26 and b.
26
Suppose 2*g + 3*g = -t + 30, -4 = 2*g. Suppose -2*h + 0*h = -t. What is the greatest common divisor of 180 and h?
20
Let r = -8 - -10. Let z = 24 + -16. What is the greatest common factor of r and z?
2
Let v(y) = 2*y**2 + 3*y + 2. Let u be v(-4). What is the highest common divisor of u and 55?
11
Let i(f) = -12*f + 3. Let z be i(3). Let m = z - -46. Let w(l) = 4*l**2 + 3*l - 6. Let k be w(3). Calculate the greatest common divisor of m and k.
13
Let k(j) = j**2 - 9*j + 10. Let r be k(10). Let i be 2/2 - 2*-2. What is the greatest common divisor of i and r?
5
Suppose -4*n - v = -72, -2*n + 58 = -3*v - 2*v. Let z = -14 + n. Suppose -2*i + 0*i + 50 = 0. Calculate the highest common divisor of z and i.
5
Let h = 1 - -2. Suppose -h*u = -8*u + 120. What is the highest common divisor of u and 24?
24
Suppose -l + 4*l = 12. Let i = 8 - l. Suppose -i*b + 52 = -0*b. Calculate the highest common divisor of b and 104.
13
Let r = -3 - -1. Let b(o) be the third derivative of -o**4/8 + o**3/3 - 3*o**2. Let f be b(r). Calculate the greatest common divisor of f and 20.
4
Let w(s) = 6*s + 52. Let u be w(-7). Calculate the greatest common factor of 50 and u.
10
Let i(t) = -t**3 + 2*t**2 + 3*t - 4. Let k be i(-4). Suppose -2*h + 4*h = 4. Let r be ((-4)/6 - h)*-12. Calculate the greatest common factor of k and r.
16
Suppose -54 = -84*f + 83*f. What is the greatest common divisor of f and 6?
6
Let y(w) = 3*w - 6. Let m be y(12). Let q be (-2)/4*4*-1. Suppose -4*j + q*u + 28 = -2*u, -u = -5*j + 47. Calcul